of k?
1
Suppose 5*f - 2*t - 30328 = 48860, -63336 = -4*f + 4*t. What is the units digit of f?
0
Suppose 3*j - 198633 = -9*g, -27*j + 25*j = -5*g + 110326. What is the ten thousands digit of g?
2
Let h = 25 + -24. Suppose 0 = -2*f + f + h. What is the tens digit of 1/(2/194*f)?
9
Suppose 2*a + 5*g - 526 = 7*g, 2*a = -g + 529. Suppose w - 2296 = -4*i, i - 299 = -3*w + a. What is the hundreds digit of i?
5
Let m = 98831 + -45352. What is the ten thousands digit of m?
5
Let a be (-3788)/8*(0/(-1) - 2). Suppose 4*p - 1858 = -2*k, -3*p - 21 = k - a. What is the units digit of k?
5
Let u = -506 - -348. Let w = -64 - u. Suppose -120 = -4*c + i + 66, -i - w = -2*c. What is the units digit of c?
6
Let t(w) = w**3 + 8*w**2 + 7*w - 4. Let k be t(-7). Let j(p) = 3*p**2 + 57*p + 140. Let u be j(-16). What is the units digit of 93 + 2 + u/(-8)*k?
3
Let q = 5822 - -1939. Suppose 6*k = 19*k - q. What is the hundreds digit of k?
5
Suppose -12 + 9 = -h. Suppose 2*f + 50 = i + 3*i, 5*i - 65 = h*f. Suppose 736 = -2*b + i*b. What is the tens digit of b?
9
What is the hundreds digit of 0 + (-46 - -45)*(1 - 52)*191?
7
Suppose 2*s - 322 = -60. Suppose -910 = -k + s*f - 132*f, -5*k + 4548 = 3*f. What is the units digit of k?
9
Suppose 2*l = -5*j + 3*l + 138120, -82855 = -3*j + 4*l. What is the ten thousands digit of j?
2
Let f(s) = -110*s**3 - 103*s**2 + 3*s + 18. What is the units digit of f(-5)?
8
Let n(j) = 77*j**3 + j**2 + 3*j - 3. Let o be n(1). Let h = 81 + o. What is the tens digit of h?
5
Let v(p) be the second derivative of p**5/10 + p**4/3 + 7*p**3/3 - 35*p**2/2 + 35*p. What is the hundreds digit of v(5)?
3
Let d = -6 - -29. Suppose d*h - 10 = 21*h. Suppose 4*m - 867 = -5*q + h*m, 855 = 5*q + 5*m. What is the hundreds digit of q?
1
Suppose 4*k + 11 = -25. Let h(y) = y**2 + 7*y + 27. What is the units digit of h(k)?
5
Let r = 6 - -34. Let z = -49 - -53. What is the units digit of (-10)/r + 117/z?
9
Let s be 7 - (4 + -4 + 3). Suppose 5*u = 5*l - 10, -s*u + 20 = -0*u + 3*l. Suppose r = -v + u*r + 73, -4*r + 4 = 0. What is the units digit of v?
4
Let u = -24939 + 48458. What is the units digit of u?
9
Suppose 5*d + 4*x + 4 = -13, 3 = -x. Let k be ((-5)/d)/(9/99). Let y = k - 47. What is the units digit of y?
8
Let y = -49863 - -72160. What is the ten thousands digit of y?
2
Suppose 25*l = 26*l - 8. Suppose -4*g + 0*g + l = 0. Suppose 101 = 2*u - 3*x, -u - g*u + x = -141. What is the tens digit of u?
4
Let k(b) = b**3 + 1. Let l(g) = 5*g**3 + 9*g**2 - g - 3. Let n(d) = -4*k(d) + l(d). Let m be n(-9). Suppose 7 + 5 = m*w. What is the units digit of w?
6
Let n = -2464 - -4611. What is the tens digit of n?
4
Suppose -22*h = -51*h - 12*h + 187821. What is the tens digit of h?
8
Let x(c) = -368 - 20*c + 136 + 145. What is the hundreds digit of x(-25)?
4
Let a be (42/(-28))/(3/(-4820)). What is the tens digit of (a/(-60)*9)/(1/(-2))?
2
Let o(d) = -3*d + 10. Let a be o(6). Let k = a - -9. What is the tens digit of -2 - (17*-2 - k)?
3
Let j be (-11)/(-11)*(-1 - -196). Suppose -4*v + 195 = -v - 4*o, j = 3*v + 3*o. What is the tens digit of v?
6
Let i(p) be the third derivative of 0 - 5/2*p**3 + 7/24*p**4 + 8*p**2 + 0*p. What is the tens digit of i(6)?
2
What is the hundreds digit of (-5 - (-323)/68)*-33788?
4
Suppose z - 3*z - 16 = 0. Let f be (0 - z/6)*24. What is the units digit of (f/5)/((-26)/(-195))?
8
Let p = -163 - -170. Suppose p*m = -m + 2096. What is the hundreds digit of m?
2
What is the ten thousands digit of -6 + -4 + 23736 + -4 + -3 + 1?
2
What is the units digit of 909*((-1372)/(-210) - (-1)/(-3 + -2))?
7
Let m(d) = -3*d - 11*d - 110 + 110. Let u be m(-2). Let s = u + 52. What is the units digit of s?
0
Suppose 5*l = -5*m + 5, 0*l + 4*l - 4 = 0. What is the units digit of m + -3 + 6 + 1525?
8
Suppose -10*b + 8*b + 10418 = -2*z, -26025 = -5*b + z. What is the thousands digit of b?
5
What is the units digit of 3*1*(13316/3 + -32)?
0
Suppose -45*n - 60*n = -385058 - 81247. What is the thousands digit of n?
4
Suppose -5*w + 2576 = -12*w. Let q = 7 - 228. Let v = q - w. What is the hundreds digit of v?
1
Let k(o) = 25*o + 329. Let y be k(-13). Suppose -y*d + 338 = 2*b, 5*d = -4*b + 307 + 375. What is the units digit of b?
3
Suppose -b - 41 = -4*g, 5*b + 7*g + 181 = 3*g. Let s = -35 - b. Suppose -3*w - m = 4*m, 0 = s*w + m - 7. What is the units digit of w?
5
What is the units digit of 5 - (-1704 - (4 - 4))?
9
What is the tens digit of 9/(-135) + (22 - 16) + (-299491)/(-15)?
7
Let h(r) be the first derivative of 11*r**2/2 + 23*r - 180. Suppose 0 = -0*k + k - 5. What is the units digit of h(k)?
8
Let d(k) = -2*k**2 + 7*k + 8. Let x(f) = -f**3 + 3*f**2 - 13*f - 16. Let l(b) = 5*d(b) + 2*x(b). What is the hundreds digit of l(-8)?
7
Let n = 642 - -264. What is the tens digit of n/22 + (-24)/132?
4
What is the hundreds digit of (-278)/417 - 1685/(-6)*20?
6
Let m(t) = -8*t - 1. Let o = 334 + -188. Let w = o + -157. What is the units digit of m(w)?
7
Suppose 5*k = 5*a - 46780, -4*k = -9*a + 6*a + 28071. What is the hundreds digit of a?
3
Suppose -6*r + 120 = -10*r. Let p = r + 23. Let d = 21 - p. What is the tens digit of d?
2
Suppose -5*r - 3*x = -4662, -x = 4*r - 9*x - 3740. What is the units digit of r?
3
What is the ten thousands digit of (80/15 + -10)*123*-50?
2
Let j = -94 - -129. Suppose 283 = u + j. What is the tens digit of u?
4
What is the hundreds digit of (3 + 27990/20)*(-103 + -5)/(-3)?
4
Let o(g) = -g**3 + 38*g**2 + 12. Let j be o(38). Suppose j*i - 22880 = -4*i. What is the hundreds digit of i?
4
Let a(b) = -908*b - 6702. What is the hundreds digit of a(-57)?
0
Let v = -36 - -22. Let x(n) be the second derivative of -5*n**3/6 - 3*n**2/2 - 212*n. What is the tens digit of x(v)?
6
Suppose -1073 + 257 = 4*p. Let o = -92 - p. Suppose -7*j - o = -581. What is the units digit of j?
7
Let s(w) = 18740*w - 2018. What is the thousands digit of s(3)?
4
Let q = -8 + 55. Suppose 4*i - g - 107 = 0, -i = -2*g - 59 + 27. Let w = i + q. What is the units digit of w?
3
What is the hundreds digit of 7757 + (-6*(-10)/(-75))/((-2)/(-20))?
7
Suppose -2*o + 19 + 17 = 0. What is the units digit of 27/((4/o)/2)?
3
Let f be (650/(-55) - 2/11) + -3. Let b be 0 - ((f - 1) + 4). Suppose -584 = 8*g - b*g. What is the tens digit of g?
4
Let h(v) = v**3 + 8*v**2 - 2*v - 12. Let y be h(-8). Suppose -l + 3*k - 1984 = -3*l, -y*l + 3932 = -3*k. What is the hundreds digit of l?
9
Let w = 15368 - -1252. What is the ten thousands digit of w?
1
Let c be (-1)/1 + (2 - -2). Suppose 4*d = -0*d - 16, -4*n + c*d = 500. Let h = n + 305. What is the tens digit of h?
7
Suppose -2*q + 4*r = -856, 3*q + 2*r - 1780 = -496. What is the tens digit of q?
2
Let v = 982 - -7290. What is the tens digit of v?
7
What is the hundreds digit of -7807*((-14)/(-63) + 99/(-81))?
8
Suppose -13*m + 22584 + 10579 = 0. What is the hundreds digit of m?
5
Let i be (36/(-20))/(-3) - (-5091)/15. Suppose -i = -3*m - 37. What is the units digit of m?
1
Let t(b) = b. Let i be 2 + 4/(8/6) - 0. Let u be t(i). Suppose -g = -2*s + 34, u*g = -3*s + 20 + 31. What is the tens digit of s?
1
Suppose -30 = -2*t - 5*w, 4*t + 0*w = -2*w + 28. Let l(v) = -2 + v**3 + 0*v**3 + 3*v + 72*v**2 - 60*v**2 + t*v. What is the units digit of l(-10)?
8
Let w(q) = -3*q + 13. Let z be w(-3). Suppose -27*r + 25 = -z*r. What is the tens digit of 0 + r/(5/66) + 3?
6
Suppose 5*v + 4*j - 1652 = 29160, -j = -3. What is the thousands digit of v?
6
Let b(u) = u**3 + 9*u**2 - 5*u + 19. Let g be b(-9). Let h = 305 - g. What is the tens digit of h?
4
Let g(i) = -36*i**3 + 32*i**2 + 47*i - 17. What is the hundreds digit of g(-7)?
5
Let s(m) = -4*m + 24. Let v be s(-10). Let n = 64 - v. What is the tens digit of n - -139 - (-2 - -1 - -2)?
3
Let p(z) = 2*z**2 + 6*z + 6. Let y be p(-2). Let t be (64/(-3) - y)/((-4)/(-12)). Let h = 87 + t. What is the units digit of h?
7
Let z(y) = -2586*y**3 - 45*y**2 - 4*y - 10. What is the thousands digit of z(-2)?
0
Let t(r) = 2*r**3 + 14*r**2 - 5*r + 7. Let h(v) = 42*v**2 + 16*v + 6*v**3 - 34*v - 7 + 29 + 4*v. Let j(a) = 6*h(a) - 17*t(a). What is the units digit of j(-7)?
6
Suppose -65*k - 183477 = -597982. What is the hundreds digit of k?
3
Suppose -1320 = -24*c - 192. Suppose -33740 = -c*t + 19*t. What is the hundreds digit o